
Is 260849839 composite?
False
Is 496785053 prime?
True
Is 11359338191 a prime number?
True
Is 132448259 a composite number?
True
Is 6878534441 a composite number?
True
Is 1437866989 a composite number?
True
Is 8041099531 composite?
False
Is 2211178597 prime?
True
Is 13110511693 a prime number?
False
Is 19275630041 a prime number?
True
Is 3157066897 a composite number?
True
Is 1072908119 prime?
True
Is 88344509759 a composite number?
True
Is 70067953643 a prime number?
True
Is 642452359 prime?
False
Is 4840537703 a composite number?
True
Is 19589788727 a prime number?
False
Is 3027509111 prime?
False
Is 157334441167 composite?
False
Is 611168951 prime?
True
Is 4813340503 prime?
True
Is 155634340913 composite?
False
Is 615839027 a composite number?
True
Is 9441954817 composite?
False
Is 5014669039 a composite number?
False
Is 2349799427 composite?
False
Is 1366461721 a prime number?
True
Is 207232423 a prime number?
True
Is 320118049 prime?
True
Is 21028647251 a composite number?
True
Is 11328068249 a prime number?
False
Is 680990489 a composite number?
False
Is 267892819 a composite number?
False
Is 11249867471 a composite number?
False
Is 2837949797 composite?
False
Is 5029459957 composite?
True
Is 8081206537 prime?
True
Is 32968687 a composite number?
False
Is 106080270671 composite?
True
Is 4299959023 prime?
False
Is 13416457349 a composite number?
True
Is 134787897065 prime?
False
Is 98883251 a composite number?
True
Is 249151013 a prime number?
False
Is 16456406353 composite?
False
Is 51857441197 a composite number?
False
Is 345158941 a composite number?
True
Is 83713429 a prime number?
False
Is 31191613861 a composite number?
True
Is 7628765423 a composite number?
False
Is 9211852421 a composite number?
True
Is 68472683477 a composite number?
True
Is 3329025499 a prime number?
False
Is 32235109 composite?
True
Is 39191505217 a composite number?
True
Is 1800623789 a composite number?
True
Is 2281933031 composite?
True
Is 535246123 a prime number?
False
Is 1250580841 a composite number?
True
Is 471319601 a composite number?
True
Is 728832809 a composite number?
True
Is 1340913911 a prime number?
True
Is 174576301 prime?
False
Is 5562505787 composite?
False
Is 40750034701 a composite number?
False
Is 22530937217 prime?
False
Is 6470547953 a prime number?
True
Is 156658813 a composite number?
True
Is 127953890303 a prime number?
False
Is 32850707159 composite?
False
Is 26475173167 prime?
False
Is 83033102501 prime?
True
Is 55950741793 a composite number?
False
Is 121199757661 a prime number?
False
Is 9874336987 a prime number?
True
Is 489267602467 composite?
True
Is 1013007979 a prime number?
True
Is 4803486413 a prime number?
False
Is 5735937653 a prime number?
False
Is 941770609 composite?
True
Is 611886739 a composite number?
False
Is 24764951779 prime?
False
Is 92287127 a prime number?
True
Is 72951953 composite?
False
Is 37637717297 a composite number?
False
Is 368915671 a prime number?
True
Is 5621789759 composite?
False
Is 1243495049 a composite number?
False
Is 4883163127 composite?
False
Is 414774877 prime?
False
Is 1848546019 prime?
False
Is 1793248642 a composite number?
True
Is 28623231419 a prime number?
True
Is 6813113557 composite?
False
Is 1624282421 a prime number?
True
Is 5996390971 a composite number?
False
Is 5875869679 a composite number?
False
Is 6122406397 composite?
True
Is 5073522731 a prime number?
True
Is 34465146679 composite?
True
Is 687455903 a composite number?
False
Is 15591131401 a composite number?
False
Is 3300573319 prime?
True
Is 2373895571 composite?
False
Is 81783933167 a composite number?
True
Is 129019261 prime?
False
Is 25030497841 a composite number?
True
Is 94497197 a composite number?
True
Is 2122571827 prime?
True
Is 330217963 prime?
True
Is 2160132041 composite?
False
Is 31610855711 composite?
True
Is 12922276427 composite?
False
Is 40495769399 composite?
True
Is 14615049661 a composite number?
False
Is 11530651463 prime?
True
Is 3566606437 prime?
False
Is 3486599353 a composite number?
False
Is 15053618383 prime?
False
Is 19480625309 prime?
True
Is 416681507 prime?
False
Is 221472703 a prime number?
False
Is 2158939781 a prime number?
False
Is 1707275567 a composite number?
True
Is 2804635777 prime?
True
Is 10135673155 a prime number?
False
Is 42947243 a prime number?
True
Is 1628681603 prime?
False
Is 1162972859 prime?
False
Is 1143669715 a composite number?
True
Is 22619255 prime?
False
Is 1477753853 prime?
False
Is 503231801 prime?
True
Is 4165430849 a composite number?
False
Is 16899896303 composite?
False
Is 2460222515 a prime number?
False
Is 17126004026 a composite number?
True
Is 9266803255 prime?
False
Is 330342059 a prime number?
True
Is 1746065558 a composite number?
True
Is 8875205959 composite?
False
Is 73694553383 a composite number?
True
Is 1384500539 a composite number?
False
Is 186090775643 prime?
True
Is 4524106277 a composite number?
True
Is 6955801403 a prime number?
True
Is 333457441 composite?
False
Is 976414323 prime?
False
Is 324926687 composite?
True
Is 4417703861 a prime number?
False
Is 206857259429 a composite number?
False
Is 940325521 a prime number?
True
Is 15270713 a prime number?
True
Is 2242289351 composite?
True
Is 2426131121 prime?
True
Is 576444179 prime?
False
Is 9431095463 prime?
True
Is 2019399419 a composite number?
True
Is 246830359 a composite number?
False
Is 1789184461 a composite number?
False
Is 9147791603 a prime number?
True
Is 2408497453 composite?
False
Is 2513015737 composite?
False
Is 4638676799 composite?
True
Is 645744181 a prime number?
True
Is 111958361063 prime?
True
Is 21386965673 prime?
True
Is 130002523 a prime number?
False
Is 3940406377 a composite number?
False
Is 191309111207 a composite number?
False
Is 54251315563 a composite number?
False
Is 13140593369 a prime number?
False
Is 10012452689 a prime number?
True
Is 3666946709 prime?
True
Is 181086297239 prime?
True
Is 13524332594 composite?
True
Is 25301543821 a prime number?
False
Is 3762454459 composite?
False
Is 169540259 a composite number?
True
Is 624633757 a composite number?
True
Is 134364829 composite?
False
Is 444270283 a composite number?
True
Is 4676274583 composite?
True
Is 207883391 prime?
True
Is 3512183183 a composite number?
True
Is 39331614677 a prime number?
False
Is 3161584787 a prime number?
False
Is 10847445871 prime?
True
Is 71652371519 prime?
True
Is 156632370727 prime?
False
Is 10431768563 a prime number?
False
Is 1049447821 composite?
True
Is 2141192791 a composite number?
False
Is 552532469 prime?
True
Is 2123915987 prime?
False
Is 32216020613 prime?
False
Is 58620297833 a composite number?
False
Is 194851471 a prime number?
True
Is 1159114001 prime?
False
Is 9723859059 prime?
False
Is 4172193653 prime?
True
Is 15985388509 prime?
False
Is 1845676438 composite?
True
Is 3789020701 a composite number?
True
Is 101406666463 a composite number?
False
Is 722174567 composite?
False
Is 128306267734 a prime number?
False
Is 14086326797 composite?
True
Is 55459736827 prime?
False
Is 221586251 composite?
False
Is 1038920767 composite?
False
Is 96919971569 a prime number?
True
Is 1722362419 prime?
True
Is 29636387023 prime?
True
Is 237159679 prime?
True
Is 10317758089 a prime number?
False
Is 123658313533 a composite number?
True
Is 26281950053 a prime number?
True
Is 4603878551 a composite number?
False
Is 619397351 a composite number?
False
Is 538828967 composite?
True
Is 26614619321 a composite number?
False
Is 4248979589 prime?
False
Is 7368525077 a prime number?
False
Is 46672778963 a prime number?
False
Is 883363589 composite?
False
Is 6603532017 a composite number?
True
Is 6111902411 prime?
True
Is 3285592189 a composite number?
True
Is 6338093354 a composite number?
True
Is 1000516007 prime?
True
Is 24321237467 a prime number?
True
Is 21163957 composite?
False
Is 9240023063 a composite number?
True
Is 101723317379 a composite number?
True
Is 14389585037 prime?
False
Is 37085192497 a prime number?
True
Is 18324131551 composite?
True
Is 2283749297 a composite number?
False
Is 541412537 a prime number?
False
Is 401178577 prime?
True
Is 5370289901 composite?
False
Is 14060945753 prime?
False
Is 54759584701 composite?
False
Is 2400246757 prime?
True
Is 109708